5.
-48865
Convert 11b8c (base 13) to base 8.
77735
What is -a4346a (base 11) in base 10?
-1673627
What is 5018274 (base 10) in base 16?
4c92a2
Convert -145350310 (base 6) to base 11.
-1801a48
What is 47988 (base 11) in base 2?
10000110111001010
Convert 83017 (base 13) to base 4.
321121123
What is cc0a65 (base 13) in base 6?
250514153
-8427103 (base 9) to base 15
-5e01c3
-19d622 (base 15) to base 2
-100110011101011100001
What is -100011100000001101 (base 2) in base 10?
-145421
-12522130 (base 6) to base 7
-3346341
What is 7945162 (base 11) in base 9?
28158783
Convert 1a8936b (base 12) to base 10.
5656259
-316614 (base 8) to base 15
-2157d
-4ea53c (base 16) to base 11
-2a003a3
What is 43464662 (base 7) in base 5?
1423333323
Convert -c884 (base 15) to base 2.
-1010010110111000
-286056 (base 10) to base 16
-45d68
-13221100211 (base 4) to base 12
-807885
3ebe8 (base 16) to base 13
8cc93
Convert 6061aa (base 15) to base 5.
2132430020
-a071 (base 13) to base 2
-101011000101110
30013424 (base 5) to base 9
388024
What is 10001100001100111 (base 2) in base 7?
416165
What is -36114 (base 7) in base 8?
-22151
Convert -372100 (base 8) to base 4.
-133101000
-28a02 (base 12) to base 2
-1101110110100010
What is 24863a (base 15) in base 2?
110101011001010010111
487dba (base 14) to base 13
68b0a1
-3413402110 (base 5) to base 7
-121153545
101101111111011001001 (base 2) to base 12
608149
Convert 126168a (base 12) to base 3.
20210110000221
Convert 20302506 (base 8) to base 16.
418546
Convert -47065 (base 11) to base 12.
-333a8
What is 3962162 (base 13) in base 16?
112a0f9
What is -3243523 (base 8) in base 6?
-30352455
What is 38065 (base 13) in base 5?
11301332
-1120103201 (base 4) to base 3
-200101011012
Convert -1122221012102 (base 3) to base 14.
-190451
-1863152 (base 9) to base 10
-1045514
89c158 (base 13) to base 11
1922861
2110200211121 (base 3) to base 13
36c715
301171 (base 8) to base 9
160640
-92523 (base 15) to base 12
-1a42b9
-153650 (base 9) to base 2
-10111000101101100
Convert -2111201112100 (base 3) to base 8.
-5053407
Convert -232344301 (base 5) to base 7.
-12001262
25164 (base 15) to base 12
58664
What is 10433104 (base 5) in base 9?
151386
-5804351 (base 9) to base 15
-41d387
What is -130333231 (base 4) in base 8?
-347755
What is -4353501 (base 6) in base 10?
-217261
16504747 (base 8) to base 5
1440231031
What is -214424102 (base 6) in base 14?
-726bc2
100101101100110 (base 2) to base 12
b206
Convert 224144 (base 8) to base 16.
12864
Convert -15eba5a (base 15) to base 4.
-330302203132
-538ce (base 15) to base 14
-6c940
3406847 (base 9) to base 13
4c365a
67356 (base 12) to base 7
1110306
-4126148 (base 11) to base 15
-98d691
What is 17113 (base 8) in base 12?
45a3
Convert 400250101 (base 6) to base 3.
110200110021101
2005066 (base 8) to base 15
a61bc
1405630 (base 12) to base 11
2286428
-2432032 (base 5) to base 2
-1011001101000100
Convert -30545 (base 13) to base 5.
-10232320
What is -102302012001 (base 4) in base 6?
-253311133
2024155 (base 6) to base 10
96839
What is -303aa8 (base 14) in base 13?
-44b148
244222 (base 5) to base 10
9312
Convert 10315612 (base 7) to base 16.
d672f
-100011010101001 (base 2) to base 4
-10122221
What is 1a1506 (base 11) in base 7?
2426023
Convert -2618e0 (base 15) to base 16.
-1be42d
-5144250 (base 6) to base 11
-159803
-100000100001110011000 (base 2) to base 15
-160c3a
Convert 111012012220102 (base 3) to base 9.
14165812
Convert -3e7e (base 16) to base 9.
-23845
What is -6676347 (base 8) in base 4?
-12313303213
What is -1000011110000001101 (base 2) in base 12?
-114725
-323b8 (base 13) to base 4
-112021233
Convert -3b23bc (base 16) to base 7.
-44641425
Convert -2047112 (base 10) to base 12.
-828808
What is 95726 (base 11) in base 6?
2552523
Convert 39a11 (base 11) to base 16.
df24
Convert 77b42 (base 15) to base 6.
12053425
4a91cc (base 14) to base 16
271210
What is 211202000200 (base 3) in base 14?
b91b2
-99679 (base 14) to base 7
-3105512
30ae55 (base 16) to base 7
36055222
What is 234610 (base 7) in base 12?
2070a
What is 30188 (base 9) in base 8?
46604
What is 640dbb (base 16) in base 8?
31006673
1c5a6c (base 15) to base 2
101010010011001110110
Convert 773659 (base 13) to base 6.
140053441
What is -21220222011 (base 3) in base 8?
-460517
What is 3212236 (base 7) in base 6?
12204301
Convert 213423411 (base 5) to base 12.
384829
1101101002021 (base 3) to base 6
23433354
-541346 (base 7) to base 13
-33b24
-361220 (base 12) to base 2
-11010101000111111000
What is 12417510 (base 8) in base 12?
b11634
Convert -404783 (base 10) to base 4.
-1202310233
Convert 3a4819 (base 11) to base 8.
2331743
-282444 (base 14) to base 10
-1389308
-4701960 (base 10) to base 7
-54652224
What is 23610 (base 10) in base 15?
6ee0
Convert -242011124 (base 5) to base 16.
-112d9d
Convert -1044244042 (base 6) to base 3.
-210110110122222
39e52d (base 16) to base 4
32132110231
64670 (base 8) to base 6
325144
40310013 (base 5) to base 7
2512154
Convert -26800 (base 13) to base 3.
-10122021221
Convert 13123013 (base 4) to base 7.
154436
Convert -1d5bee (base 15) to base 6.
-50445042
112583 (base 10) to base 5
12100313
-6915d5 (base 16) to base 9
-13856006
What is -10ab1a (base 13) in base 16?
-60789
Convert -2215405 (base 6) to base 7.
-642515
What is -29695 (base 15) in base 9?
-222535
Convert 55dd5 (base 14) to base 13.
73bc2
Convert d0318 (base 14) to base 16.
7a132
Convert -11120211021120 (base 3) to base 2.
-1001010011000010000011
-458dc (base 15) to base 12
-a8146
Convert 110001011111011010010 (base 2) to base 12.
6625aa
What is -300203212 (base 5) in base 13?
-323593
Convert 2c359 (base 14) to base 10.
110427
17526474 (base 8) to base 10
4107580
Convert -19759 (base 15) to base 2.
-10100001011100011
-103001332 (base 4) to base 16
-1307e
Convert -220102212212120 (base 3) to base 14.
-1a215c0
What is 12100313233 (base 4) in base 3?
10002102100121
What is 411414411 (base 5) in base 9?
3124704
34e20 (base 16) to base 12
a5428
22b32 (base 16) to base 4
202230302
What is -1a49c55 (base 13) in base 6?
-505541554
Convert 15452301 (base 6) to base 8.
2064655
What is -12102112120 (base 3) in base 2?
-11010000101001011
210425314 (base 6) to base 7
43141360
72cab (base 13) to base 16
3269a
What is 42632226 (base 7) in base 8?
15702057
Convert 555685 (base 12) to base 8.
5133205
What is -26237cc (base 13) in base 15?
-10aea45
What is 78b6c (base 14) in base 3?
112220002011
What is 2b8580 (base 12) in base 16?
b4c30
500015 (base 7) to base 3
11021021212
What is -622414 (base 7) in base 10?
-106537
-2120333203 (base 4) to base 8
-2307743
What is 178a08 (base 12) in base 5?
101044011
Convert 18d88a6 (base 14) to base 13.
2737892
What is -185033 (base 9) in base 16?
-1c20c
What is 3363523 (base 7) in base 4?
1212103321
-15133332 (base 7) to base 5
-331440442
83983 (base 11) to base 7
1016364
Convert -1a2c20 (base 15) to base 8.
-4672341
-1344053533 (base 6) to base 14
-22799a9
-4674605 (base 8) to base 13
-358c05
What is -132aa1 (base 14) in base 6?
-22054341
Convert 81676 (base 11) to base 12.
59030
What is -101001200111 (base 4) in base 12?
-15b2645
Convert 8436261 (base 10) to base 4.
200023220211
What is a2385 (base 11) in base 2?
100100100000011000
178b7 (base 16) to base 14
27207
Convert -4207 (base 16) to base 6.
-210131
-972b1 (base 16) to base 12
-25a3a9
What is 27884 (base 14) in base 3?
11222001102
What is 18c12f (base 16) in base 2?
110001100000100101111
What is 2020112122 (base 3) in base 12?
2165b
What is 101111111001101110111000 (base 2) in base 4?
233321232320
What is -238540 (base 10) in base 6?
-5040204
-1687850 (base 9) to base 6
-32122243
302303232 (base 4) to base 10
208110
21032212212 (base 4) to base 13
669135
Convert 6430551 (base 7) to base 13.
2143c8
40582 (base 10) to base 4
21322012
What is -15444301 (base 6) in base 11?
-346644
Convert -410021315 (base 6) to base 3.
-111011201000102
What is 786ab (base 12) in base 5?
20104341
Convert -2464210 (base 7) to base 12.
-134321
-15431070 (base 8) to base 14
-686560
What is -1120112222012 (base 3) in base 6?
-25541435
What is 108701 (base 11) in base 16?
2a203
-23a91 (base 13) to base 8
-177761
What is -18983aa (base 11) in base 16?
-30df35
33873 (base 11) to base 6
1014404
-1320110